{"id":13,"date":"2020-07-23T00:41:38","date_gmt":"2020-07-23T03:41:38","guid":{"rendered":"https:\/\/7meiofilmes.com.br\/2021\/?page_id=13"},"modified":"2020-10-06T01:14:19","modified_gmt":"2020-10-06T04:14:19","slug":"contato","status":"publish","type":"page","link":"https:\/\/7meiofilmes.com.br\/2021\/contato\/","title":{"rendered":"Contato"},"content":{"rendered":"<p>Deixe aqui seu recado, d\u00favida, elogio ou mesmo uma solicita\u00e7\u00e3o para Or\u00e7amento, que entraremos em contato o quanto antes!<\/p>\n","protected":false},"excerpt":{"rendered":"<p>Deixe aqui seu recado, d\u00favida, elogio ou mesmo uma solicita\u00e7\u00e3o para Or\u00e7amento, que entraremos em contato o quanto antes!<\/p>\n","protected":false},"author":1,"featured_media":669,"parent":0,"menu_order":0,"comment_status":"closed","ping_status":"closed","template":"page-contato.php","meta":{"_acf_changed":false,"_monsterinsights_skip_tracking":false,"_monsterinsights_sitenote_active":false,"_monsterinsights_sitenote_note":"","_monsterinsights_sitenote_category":0,"footnotes":""},"class_list":["post-13","page","type-page","status-publish","has-post-thumbnail","hentry"],"acf":[],"yoast_head":"<!-- This site is optimized with the Yoast SEO plugin v27.4 - https:\/\/yoast.com\/product\/yoast-seo-wordpress\/ -->\n<title>Contato - 7 Meio Filmes<\/title>\n<meta name=\"robots\" content=\"index, follow, max-snippet:-1, max-image-preview:large, max-video-preview:-1\" \/>\n<link rel=\"canonical\" href=\"https:\/\/7meiofilmes.com.br\/2021\/contato\/\" \/>\n<meta property=\"og:locale\" content=\"pt_BR\" \/>\n<meta property=\"og:type\" content=\"article\" \/>\n<meta property=\"og:title\" content=\"Contato - 7 Meio Filmes\" \/>\n<meta property=\"og:description\" content=\"Deixe aqui seu recado, d\u00favida, elogio ou mesmo uma solicita\u00e7\u00e3o para Or\u00e7amento, que entraremos em contato o quanto antes!\" \/>\n<meta property=\"og:url\" content=\"https:\/\/7meiofilmes.com.br\/2021\/contato\/\" \/>\n<meta property=\"og:site_name\" content=\"7 Meio Filmes\" \/>\n<meta property=\"article:modified_time\" content=\"2020-10-06T04:14:19+00:00\" \/>\n<meta property=\"og:image\" content=\"https:\/\/7meiofilmes.com.br\/2021\/wp-content\/uploads\/2020\/07\/lapis.jpg\" \/>\n\t<meta property=\"og:image:width\" content=\"1420\" \/>\n\t<meta property=\"og:image:height\" content=\"852\" \/>\n\t<meta property=\"og:image:type\" content=\"image\/jpeg\" \/>\n<meta name=\"twitter:card\" content=\"summary_large_image\" \/>\n<script type=\"application\/ld+json\" class=\"yoast-schema-graph\">{\"@context\":\"https:\\\/\\\/schema.org\",\"@graph\":[{\"@type\":\"WebPage\",\"@id\":\"https:\\\/\\\/7meiofilmes.com.br\\\/2021\\\/contato\\\/\",\"url\":\"https:\\\/\\\/7meiofilmes.com.br\\\/2021\\\/contato\\\/\",\"name\":\"Contato - 7 Meio Filmes\",\"isPartOf\":{\"@id\":\"https:\\\/\\\/7meiofilmes.com.br\\\/2021\\\/#website\"},\"primaryImageOfPage\":{\"@id\":\"https:\\\/\\\/7meiofilmes.com.br\\\/2021\\\/contato\\\/#primaryimage\"},\"image\":{\"@id\":\"https:\\\/\\\/7meiofilmes.com.br\\\/2021\\\/contato\\\/#primaryimage\"},\"thumbnailUrl\":\"https:\\\/\\\/7meiofilmes.com.br\\\/2021\\\/wp-content\\\/uploads\\\/2020\\\/07\\\/lapis.jpg\",\"datePublished\":\"2020-07-23T03:41:38+00:00\",\"dateModified\":\"2020-10-06T04:14:19+00:00\",\"breadcrumb\":{\"@id\":\"https:\\\/\\\/7meiofilmes.com.br\\\/2021\\\/contato\\\/#breadcrumb\"},\"inLanguage\":\"pt-BR\",\"potentialAction\":[{\"@type\":\"ReadAction\",\"target\":[\"https:\\\/\\\/7meiofilmes.com.br\\\/2021\\\/contato\\\/\"]}]},{\"@type\":\"ImageObject\",\"inLanguage\":\"pt-BR\",\"@id\":\"https:\\\/\\\/7meiofilmes.com.br\\\/2021\\\/contato\\\/#primaryimage\",\"url\":\"https:\\\/\\\/7meiofilmes.com.br\\\/2021\\\/wp-content\\\/uploads\\\/2020\\\/07\\\/lapis.jpg\",\"contentUrl\":\"https:\\\/\\\/7meiofilmes.com.br\\\/2021\\\/wp-content\\\/uploads\\\/2020\\\/07\\\/lapis.jpg\",\"width\":1420,\"height\":852},{\"@type\":\"BreadcrumbList\",\"@id\":\"https:\\\/\\\/7meiofilmes.com.br\\\/2021\\\/contato\\\/#breadcrumb\",\"itemListElement\":[{\"@type\":\"ListItem\",\"position\":1,\"name\":\"In\u00edcio\",\"item\":\"https:\\\/\\\/7meiofilmes.com.br\\\/2021\\\/\"},{\"@type\":\"ListItem\",\"position\":2,\"name\":\"Contato\"}]},{\"@type\":\"WebSite\",\"@id\":\"https:\\\/\\\/7meiofilmes.com.br\\\/2021\\\/#website\",\"url\":\"https:\\\/\\\/7meiofilmes.com.br\\\/2021\\\/\",\"name\":\"7 Meio Filmes\",\"description\":\"Produ\u00e7\u00e3o audiovisual \",\"publisher\":{\"@id\":\"https:\\\/\\\/7meiofilmes.com.br\\\/2021\\\/#organization\"},\"potentialAction\":[{\"@type\":\"SearchAction\",\"target\":{\"@type\":\"EntryPoint\",\"urlTemplate\":\"https:\\\/\\\/7meiofilmes.com.br\\\/2021\\\/?s={search_term_string}\"},\"query-input\":{\"@type\":\"PropertyValueSpecification\",\"valueRequired\":true,\"valueName\":\"search_term_string\"}}],\"inLanguage\":\"pt-BR\"},{\"@type\":\"Organization\",\"@id\":\"https:\\\/\\\/7meiofilmes.com.br\\\/2021\\\/#organization\",\"name\":\"7 Meio Filmes\",\"url\":\"https:\\\/\\\/7meiofilmes.com.br\\\/2021\\\/\",\"logo\":{\"@type\":\"ImageObject\",\"inLanguage\":\"pt-BR\",\"@id\":\"https:\\\/\\\/7meiofilmes.com.br\\\/2021\\\/#\\\/schema\\\/logo\\\/image\\\/\",\"url\":\"https:\\\/\\\/7meiofilmes.com.br\\\/2021\\\/wp-content\\\/uploads\\\/2025\\\/09\\\/WhatsApp-Image-2025-09-03-at-14.17.22.jpeg\",\"contentUrl\":\"https:\\\/\\\/7meiofilmes.com.br\\\/2021\\\/wp-content\\\/uploads\\\/2025\\\/09\\\/WhatsApp-Image-2025-09-03-at-14.17.22.jpeg\",\"width\":640,\"height\":640,\"caption\":\"7 Meio Filmes\"},\"image\":{\"@id\":\"https:\\\/\\\/7meiofilmes.com.br\\\/2021\\\/#\\\/schema\\\/logo\\\/image\\\/\"}}]}<\/script>\n<!-- \/ Yoast SEO plugin. -->","yoast_head_json":{"title":"Contato - 7 Meio Filmes","robots":{"index":"index","follow":"follow","max-snippet":"max-snippet:-1","max-image-preview":"max-image-preview:large","max-video-preview":"max-video-preview:-1"},"canonical":"https:\/\/7meiofilmes.com.br\/2021\/contato\/","og_locale":"pt_BR","og_type":"article","og_title":"Contato - 7 Meio Filmes","og_description":"Deixe aqui seu recado, d\u00favida, elogio ou mesmo uma solicita\u00e7\u00e3o para Or\u00e7amento, que entraremos em contato o quanto antes!","og_url":"https:\/\/7meiofilmes.com.br\/2021\/contato\/","og_site_name":"7 Meio Filmes","article_modified_time":"2020-10-06T04:14:19+00:00","og_image":[{"width":1420,"height":852,"url":"https:\/\/7meiofilmes.com.br\/2021\/wp-content\/uploads\/2020\/07\/lapis.jpg","type":"image\/jpeg"}],"twitter_card":"summary_large_image","schema":{"@context":"https:\/\/schema.org","@graph":[{"@type":"WebPage","@id":"https:\/\/7meiofilmes.com.br\/2021\/contato\/","url":"https:\/\/7meiofilmes.com.br\/2021\/contato\/","name":"Contato - 7 Meio Filmes","isPartOf":{"@id":"https:\/\/7meiofilmes.com.br\/2021\/#website"},"primaryImageOfPage":{"@id":"https:\/\/7meiofilmes.com.br\/2021\/contato\/#primaryimage"},"image":{"@id":"https:\/\/7meiofilmes.com.br\/2021\/contato\/#primaryimage"},"thumbnailUrl":"https:\/\/7meiofilmes.com.br\/2021\/wp-content\/uploads\/2020\/07\/lapis.jpg","datePublished":"2020-07-23T03:41:38+00:00","dateModified":"2020-10-06T04:14:19+00:00","breadcrumb":{"@id":"https:\/\/7meiofilmes.com.br\/2021\/contato\/#breadcrumb"},"inLanguage":"pt-BR","potentialAction":[{"@type":"ReadAction","target":["https:\/\/7meiofilmes.com.br\/2021\/contato\/"]}]},{"@type":"ImageObject","inLanguage":"pt-BR","@id":"https:\/\/7meiofilmes.com.br\/2021\/contato\/#primaryimage","url":"https:\/\/7meiofilmes.com.br\/2021\/wp-content\/uploads\/2020\/07\/lapis.jpg","contentUrl":"https:\/\/7meiofilmes.com.br\/2021\/wp-content\/uploads\/2020\/07\/lapis.jpg","width":1420,"height":852},{"@type":"BreadcrumbList","@id":"https:\/\/7meiofilmes.com.br\/2021\/contato\/#breadcrumb","itemListElement":[{"@type":"ListItem","position":1,"name":"In\u00edcio","item":"https:\/\/7meiofilmes.com.br\/2021\/"},{"@type":"ListItem","position":2,"name":"Contato"}]},{"@type":"WebSite","@id":"https:\/\/7meiofilmes.com.br\/2021\/#website","url":"https:\/\/7meiofilmes.com.br\/2021\/","name":"7 Meio Filmes","description":"Produ\u00e7\u00e3o audiovisual ","publisher":{"@id":"https:\/\/7meiofilmes.com.br\/2021\/#organization"},"potentialAction":[{"@type":"SearchAction","target":{"@type":"EntryPoint","urlTemplate":"https:\/\/7meiofilmes.com.br\/2021\/?s={search_term_string}"},"query-input":{"@type":"PropertyValueSpecification","valueRequired":true,"valueName":"search_term_string"}}],"inLanguage":"pt-BR"},{"@type":"Organization","@id":"https:\/\/7meiofilmes.com.br\/2021\/#organization","name":"7 Meio Filmes","url":"https:\/\/7meiofilmes.com.br\/2021\/","logo":{"@type":"ImageObject","inLanguage":"pt-BR","@id":"https:\/\/7meiofilmes.com.br\/2021\/#\/schema\/logo\/image\/","url":"https:\/\/7meiofilmes.com.br\/2021\/wp-content\/uploads\/2025\/09\/WhatsApp-Image-2025-09-03-at-14.17.22.jpeg","contentUrl":"https:\/\/7meiofilmes.com.br\/2021\/wp-content\/uploads\/2025\/09\/WhatsApp-Image-2025-09-03-at-14.17.22.jpeg","width":640,"height":640,"caption":"7 Meio Filmes"},"image":{"@id":"https:\/\/7meiofilmes.com.br\/2021\/#\/schema\/logo\/image\/"}}]}},"_links":{"self":[{"href":"https:\/\/7meiofilmes.com.br\/2021\/wp-json\/wp\/v2\/pages\/13","targetHints":{"allow":["GET"]}}],"collection":[{"href":"https:\/\/7meiofilmes.com.br\/2021\/wp-json\/wp\/v2\/pages"}],"about":[{"href":"https:\/\/7meiofilmes.com.br\/2021\/wp-json\/wp\/v2\/types\/page"}],"author":[{"embeddable":true,"href":"https:\/\/7meiofilmes.com.br\/2021\/wp-json\/wp\/v2\/users\/1"}],"replies":[{"embeddable":true,"href":"https:\/\/7meiofilmes.com.br\/2021\/wp-json\/wp\/v2\/comments?post=13"}],"version-history":[{"count":8,"href":"https:\/\/7meiofilmes.com.br\/2021\/wp-json\/wp\/v2\/pages\/13\/revisions"}],"predecessor-version":[{"id":749,"href":"https:\/\/7meiofilmes.com.br\/2021\/wp-json\/wp\/v2\/pages\/13\/revisions\/749"}],"wp:featuredmedia":[{"embeddable":true,"href":"https:\/\/7meiofilmes.com.br\/2021\/wp-json\/wp\/v2\/media\/669"}],"wp:attachment":[{"href":"https:\/\/7meiofilmes.com.br\/2021\/wp-json\/wp\/v2\/media?parent=13"}],"curies":[{"name":"wp","href":"https:\/\/api.w.org\/{rel}","templated":true}]}}